{"id":4362,"date":"2016-03-17T17:05:19","date_gmt":"2016-03-17T17:05:19","guid":{"rendered":"http:\/\/cna.org.ar\/?page_id=4362"},"modified":"2016-03-17T17:31:16","modified_gmt":"2016-03-17T17:31:16","slug":"el-genocidio-silenciado","status":"publish","type":"page","link":"https:\/\/cna.org.ar\/index.php\/el-genocidio-silenciado\/","title":{"rendered":"El Genocidio Silenciado"},"content":{"rendered":"<p><a href=\"https:\/\/i0.wp.com\/cna.org.ar\/wp-content\/uploads\/2016\/02\/geno-sil-tapa.jpg?ssl=1\"><img data-recalc-dims=\"1\" loading=\"lazy\" decoding=\"async\" class=\"alignleft size-medium wp-image-4330\" src=\"https:\/\/i0.wp.com\/cna.org.ar\/wp-content\/uploads\/2016\/02\/geno-sil-tapa.jpg?resize=201%2C300&#038;ssl=1\" alt=\"geno sil tapa\" width=\"201\" height=\"300\" srcset=\"https:\/\/i0.wp.com\/cna.org.ar\/wp-content\/uploads\/2016\/02\/geno-sil-tapa.jpg?resize=201%2C300&amp;ssl=1 201w, https:\/\/i0.wp.com\/cna.org.ar\/wp-content\/uploads\/2016\/02\/geno-sil-tapa.jpg?resize=235%2C350&amp;ssl=1 235w, https:\/\/i0.wp.com\/cna.org.ar\/wp-content\/uploads\/2016\/02\/geno-sil-tapa.jpg?w=437&amp;ssl=1 437w\" sizes=\"auto, (max-width: 201px) 100vw, 201px\" \/><\/a> <a href=\"https:\/\/i0.wp.com\/cna.org.ar\/wp-content\/uploads\/2016\/02\/geno-sil-contratapa.jpg?ssl=1\"><img data-recalc-dims=\"1\" loading=\"lazy\" decoding=\"async\" class=\"alignleft size-medium wp-image-4329\" src=\"https:\/\/i0.wp.com\/cna.org.ar\/wp-content\/uploads\/2016\/02\/geno-sil-contratapa.jpg?resize=205%2C300&#038;ssl=1\" alt=\"geno sil contratapa\" width=\"205\" height=\"300\" srcset=\"https:\/\/i0.wp.com\/cna.org.ar\/wp-content\/uploads\/2016\/02\/geno-sil-contratapa.jpg?resize=205%2C300&amp;ssl=1 205w, https:\/\/i0.wp.com\/cna.org.ar\/wp-content\/uploads\/2016\/02\/geno-sil-contratapa.jpg?resize=240%2C350&amp;ssl=1 240w, https:\/\/i0.wp.com\/cna.org.ar\/wp-content\/uploads\/2016\/02\/geno-sil-contratapa.jpg?w=443&amp;ssl=1 443w\" sizes=\"auto, (max-width: 205px) 100vw, 205px\" \/><\/a><\/p>\n<p>&nbsp;<\/p>\n<p>&nbsp;<\/p>\n<p>&nbsp;<\/p>\n<p>&nbsp;<\/p>\n<p>&nbsp;<\/p>\n<p>&nbsp;<\/p>\n<p>&nbsp;<\/p>\n<p>&nbsp;<\/p>\n<p><strong>Granovsky, S\u00falim. \u201cEl Genocidio Silenciado\u201d, Ediciones Continente, Buenos Aires, 2014<\/strong><\/p>\n<p><strong>\u00bfQu\u00e9 hacer frente a un hecho tan aberrante como un genocidio cuando sus perpetradores se empecinan en negarlo? \u00bfC\u00f3mo difundir una verdad que ha sido ocultada premeditadamente?<\/strong><\/p>\n<p>El Genocidio Armenio es el primer genocidio sistem\u00e1tico del siglo XX. Fue perpetrado por el Estado turco entre 1915 y 1923, y dej\u00f3 un saldo de m\u00e1s de un mill\u00f3n y medio de armenios asesinados. Tanto su planificaci\u00f3n como su ejecuci\u00f3n lo transforman en un hito hist\u00f3rico dentro de la historia de la Humanidad, por su magnitud y crueldad. Existen probadas evidencias para considerarlo un antecedente directo del Holocausto Jud\u00edo. Sin embargo, casi un siglo despu\u00e9s de su ejecuci\u00f3n, y pese a que la comunidad internacional lo ha catalogado como un crimen imprescriptible de lesa humanidad, la actual Rep\u00fablica de Turqu\u00eda sigue neg\u00e1ndolo.<\/p>\n<p>Este libro ofrece un valioso recorrido por la Cuesti\u00f3n Armenia, al compilar textos de reconocidos especialistas en la materia, con una mirada cr\u00edtica y reflexiva. La perspectiva hist\u00f3rica se enriquece con el encuadre jur\u00eddico del genocidio dentro del Derecho Internacional y un an\u00e1lisis detallado del pueblo armenio: su origen, su cultura y sus territorios leg\u00edtimos, de los cuales fueron brutalmente expulsados hacia una muerte segura. Asimismo, describe el contexto de la Primera Guerra Mundial, que el Estado turco utiliz\u00f3 como excusa para deshacerse de los armenios. Al respecto, se aportan documentos oficiales del Partido de los J\u00f3venes Turcos y se ofrece un panorama detallado de cada una de las etapas del plan genocida. Por \u00faltimo, en el Anexo documental se presenta una cronolog\u00eda del genocidio, leyes nacionales e internacionales, art\u00edculos period\u00edsticos y una serie de textos sobre la lucha por el reconocimiento y reparaci\u00f3n de las v\u00edctimas.<\/p>\n<p>\u201cEl Genocidio Silenciado\u201d, de S\u00falim Granovsky, es un material de lectura ineludible tanto para especialistas como para quienes a\u00fan desconocen el tema, pero saben que s\u00f3lo la verdad dicha a viva voz puede evitar que estos hechos aberrantes vuelvan a repetirse.<\/p>\n<p><em><span style=\"text-decoration: underline;\"><a href=\"https:\/\/cna.org.ar\/index.php\/biblioteca-del-cna\/\">Volver a la p\u00e1gina anterior<\/a><\/span><\/em><\/p>\n","protected":false},"excerpt":{"rendered":"<p>&nbsp; &nbsp; &nbsp; &nbsp; &nbsp; &nbsp; &nbsp; &nbsp; Granovsky, S\u00falim. \u201cEl Genocidio Silenciado\u201d, Ediciones Continente, Buenos Aires, 2014 \u00bfQu\u00e9 hacer frente a un hecho tan aberrante como un genocidio cuando sus perpetradores se empecinan en negarlo? \u00bfC\u00f3mo difundir una verdad que ha sido ocultada premeditadamente? El Genocidio Armenio es el primer genocidio sistem\u00e1tico del siglo [&hellip;]<\/p>\n","protected":false},"author":1,"featured_media":0,"parent":0,"menu_order":0,"comment_status":"closed","ping_status":"closed","template":"","meta":{"site-sidebar-layout":"default","site-content-layout":"","ast-site-content-layout":"default","site-content-style":"default","site-sidebar-style":"default","ast-global-header-display":"","ast-banner-title-visibility":"","ast-main-header-display":"","ast-hfb-above-header-display":"","ast-hfb-below-header-display":"","ast-hfb-mobile-header-display":"","site-post-title":"","ast-breadcrumbs-content":"","ast-featured-img":"","footer-sml-layout":"","theme-transparent-header-meta":"","adv-header-id-meta":"","stick-header-meta":"","header-above-stick-meta":"","header-main-stick-meta":"","header-below-stick-meta":"","astra-migrate-meta-layouts":"default","ast-page-background-enabled":"default","ast-page-background-meta":{"desktop":{"background-color":"var(--ast-global-color-4)","background-image":"","background-repeat":"repeat","background-position":"center center","background-size":"auto","background-attachment":"scroll","background-type":"","background-media":"","overlay-type":"","overlay-color":"","overlay-opacity":"","overlay-gradient":""},"tablet":{"background-color":"","background-image":"","background-repeat":"repeat","background-position":"center center","background-size":"auto","background-attachment":"scroll","background-type":"","background-media":"","overlay-type":"","overlay-color":"","overlay-opacity":"","overlay-gradient":""},"mobile":{"background-color":"","background-image":"","background-repeat":"repeat","background-position":"center center","background-size":"auto","background-attachment":"scroll","background-type":"","background-media":"","overlay-type":"","overlay-color":"","overlay-opacity":"","overlay-gradient":""}},"ast-content-background-meta":{"desktop":{"background-color":"var(--ast-global-color-5)","background-image":"","background-repeat":"repeat","background-position":"center center","background-size":"auto","background-attachment":"scroll","background-type":"","background-media":"","overlay-type":"","overlay-color":"","overlay-opacity":"","overlay-gradient":""},"tablet":{"background-color":"var(--ast-global-color-5)","background-image":"","background-repeat":"repeat","background-position":"center center","background-size":"auto","background-attachment":"scroll","background-type":"","background-media":"","overlay-type":"","overlay-color":"","overlay-opacity":"","overlay-gradient":""},"mobile":{"background-color":"var(--ast-global-color-5)","background-image":"","background-repeat":"repeat","background-position":"center center","background-size":"auto","background-attachment":"scroll","background-type":"","background-media":"","overlay-type":"","overlay-color":"","overlay-opacity":"","overlay-gradient":""}},"footnotes":""},"class_list":["post-4362","page","type-page","status-publish","hentry"],"jetpack_sharing_enabled":true,"_links":{"self":[{"href":"https:\/\/cna.org.ar\/index.php\/wp-json\/wp\/v2\/pages\/4362","targetHints":{"allow":["GET"]}}],"collection":[{"href":"https:\/\/cna.org.ar\/index.php\/wp-json\/wp\/v2\/pages"}],"about":[{"href":"https:\/\/cna.org.ar\/index.php\/wp-json\/wp\/v2\/types\/page"}],"author":[{"embeddable":true,"href":"https:\/\/cna.org.ar\/index.php\/wp-json\/wp\/v2\/users\/1"}],"replies":[{"embeddable":true,"href":"https:\/\/cna.org.ar\/index.php\/wp-json\/wp\/v2\/comments?post=4362"}],"version-history":[{"count":3,"href":"https:\/\/cna.org.ar\/index.php\/wp-json\/wp\/v2\/pages\/4362\/revisions"}],"predecessor-version":[{"id":4625,"href":"https:\/\/cna.org.ar\/index.php\/wp-json\/wp\/v2\/pages\/4362\/revisions\/4625"}],"wp:attachment":[{"href":"https:\/\/cna.org.ar\/index.php\/wp-json\/wp\/v2\/media?parent=4362"}],"curies":[{"name":"wp","href":"https:\/\/api.w.org\/{rel}","templated":true}]}}

<p><a href="https://i0.wp.com/cna.org.ar/wp-content/uploads/2016/02/geno-sil-tapa.jpg?ssl=1"><img data-recalc-dims="1" loading="lazy" decoding="async" class="alignleft size-medium wp-image-4330" src="https://i0.wp.com/cna.org.ar/wp-content/uploads/2016/02/geno-sil-tapa.jpg?resize=201%2C300&#038;ssl=1" alt="geno sil tapa" width="201" height="300" srcset="https://i0.wp.com/cna.org.ar/wp-content/uploads/2016/02/geno-sil-tapa.jpg?resize=201%2C300&amp;ssl=1 201w, https://i0.wp.com/cna.org.ar/wp-content/uploads/2016/02/geno-sil-tapa.jpg?resize=235%2C350&amp;ssl=1 235w, https://i0.wp.com/cna.org.ar/wp-content/uploads/2016/02/geno-sil-tapa.jpg?w=437&amp;ssl=1 437w" sizes="auto, (max-width: 201px) 100vw, 201px" /></a> <a href="https://i0.wp.com/cna.org.ar/wp-content/uploads/2016/02/geno-sil-contratapa.jpg?ssl=1"><img data-recalc-dims="1" loading="lazy" decoding="async" class="alignleft size-medium wp-image-4329" src="https://i0.wp.com/cna.org.ar/wp-content/uploads/2016/02/geno-sil-contratapa.jpg?resize=205%2C300&#038;ssl=1" alt="geno sil contratapa" width="205" height="300" srcset="https://i0.wp.com/cna.org.ar/wp-content/uploads/2016/02/geno-sil-contratapa.jpg?resize=205%2C300&amp;ssl=1 205w, https://i0.wp.com/cna.org.ar/wp-content/uploads/2016/02/geno-sil-contratapa.jpg?resize=240%2C350&amp;ssl=1 240w, https://i0.wp.com/cna.org.ar/wp-content/uploads/2016/02/geno-sil-contratapa.jpg?w=443&amp;ssl=1 443w" sizes="auto, (max-width: 205px) 100vw, 205px" /></a></p>
<p>&nbsp;</p>
<p>&nbsp;</p>
<p>&nbsp;</p>
<p>&nbsp;</p>
<p>&nbsp;</p>
<p>&nbsp;</p>
<p>&nbsp;</p>
<p>&nbsp;</p>
<p><strong>Granovsky, Súlim. “El Genocidio Silenciado”, Ediciones Continente, Buenos Aires, 2014</strong></p>
<p><strong>¿Qué hacer frente a un hecho tan aberrante como un genocidio cuando sus perpetradores se empecinan en negarlo? ¿Cómo difundir una verdad que ha sido ocultada premeditadamente?</strong></p>
<p>El Genocidio Armenio es el primer genocidio sistemático del siglo XX. Fue perpetrado por el Estado turco entre 1915 y 1923, y dejó un saldo de más de un millón y medio de armenios asesinados. Tanto su planificación como su ejecución lo transforman en un hito histórico dentro de la historia de la Humanidad, por su magnitud y crueldad. Existen probadas evidencias para considerarlo un antecedente directo del Holocausto Judío. Sin embargo, casi un siglo después de su ejecución, y pese a que la comunidad internacional lo ha catalogado como un crimen imprescriptible de lesa humanidad, la actual República de Turquía sigue negándolo.</p>
<p>Este libro ofrece un valioso recorrido por la Cuestión Armenia, al compilar textos de reconocidos especialistas en la materia, con una mirada crítica y reflexiva. La perspectiva histórica se enriquece con el encuadre jurídico del genocidio dentro del Derecho Internacional y un análisis detallado del pueblo armenio: su origen, su cultura y sus territorios legítimos, de los cuales fueron brutalmente expulsados hacia una muerte segura. Asimismo, describe el contexto de la Primera Guerra Mundial, que el Estado turco utilizó como excusa para deshacerse de los armenios. Al respecto, se aportan documentos oficiales del Partido de los Jóvenes Turcos y se ofrece un panorama detallado de cada una de las etapas del plan genocida. Por último, en el Anexo documental se presenta una cronología del genocidio, leyes nacionales e internacionales, artículos periodísticos y una serie de textos sobre la lucha por el reconocimiento y reparación de las víctimas.</p>
<p>“El Genocidio Silenciado”, de Súlim Granovsky, es un material de lectura ineludible tanto para especialistas como para quienes aún desconocen el tema, pero saben que sólo la verdad dicha a viva voz puede evitar que estos hechos aberrantes vuelvan a repetirse.</p>
<p><em><span style="text-decoration: underline;"><a href="https://cna.org.ar/index.php/biblioteca-del-cna/">Volver a la página anterior</a></span></em></p>

<p>&nbsp; &nbsp; &nbsp; &nbsp; &nbsp; &nbsp; &nbsp; &nbsp; Granovsky, Súlim. “El Genocidio Silenciado”, Ediciones Continente, Buenos Aires, 2014 ¿Qué hacer frente a un hecho tan aberrante como un genocidio cuando sus perpetradores se empecinan en negarlo? ¿Cómo difundir una verdad que ha sido ocultada premeditadamente? El Genocidio Armenio es el primer genocidio sistemático del siglo [&hellip;]</p>
