{"id":4617,"date":"2016-03-17T17:20:38","date_gmt":"2016-03-17T17:20:38","guid":{"rendered":"http:\/\/cna.org.ar\/?page_id=4617"},"modified":"2016-03-17T17:32:47","modified_gmt":"2016-03-17T17:32:47","slug":"historia-de-la-federacion-revolucionaria-armenia","status":"publish","type":"page","link":"https:\/\/cna.org.ar\/index.php\/historia-de-la-federacion-revolucionaria-armenia\/","title":{"rendered":"Historia de la Federaci\u00f3n Revolucionaria Armenia"},"content":{"rendered":"<p><a href=\"https:\/\/i0.wp.com\/cna.org.ar\/wp-content\/uploads\/2016\/02\/img157.jpg?ssl=1\"><img data-recalc-dims=\"1\" loading=\"lazy\" decoding=\"async\" class=\"alignleft wp-image-4582 size-medium\" src=\"https:\/\/i0.wp.com\/cna.org.ar\/wp-content\/uploads\/2016\/02\/img157.jpg?resize=202%2C300&#038;ssl=1\" alt=\"img157\" width=\"202\" height=\"300\" srcset=\"https:\/\/i0.wp.com\/cna.org.ar\/wp-content\/uploads\/2016\/02\/img157.jpg?resize=202%2C300&amp;ssl=1 202w, https:\/\/i0.wp.com\/cna.org.ar\/wp-content\/uploads\/2016\/02\/img157.jpg?resize=691%2C1024&amp;ssl=1 691w, https:\/\/i0.wp.com\/cna.org.ar\/wp-content\/uploads\/2016\/02\/img157.jpg?resize=236%2C350&amp;ssl=1 236w, https:\/\/i0.wp.com\/cna.org.ar\/wp-content\/uploads\/2016\/02\/img157.jpg?w=2000&amp;ssl=1 2000w, https:\/\/i0.wp.com\/cna.org.ar\/wp-content\/uploads\/2016\/02\/img157.jpg?w=3000&amp;ssl=1 3000w\" sizes=\"auto, (max-width: 202px) 100vw, 202px\" \/><\/a><a href=\"https:\/\/i0.wp.com\/cna.org.ar\/wp-content\/uploads\/2016\/02\/img160.jpg?ssl=1\"><img data-recalc-dims=\"1\" loading=\"lazy\" decoding=\"async\" class=\"alignleft wp-image-4586 size-medium\" src=\"https:\/\/i0.wp.com\/cna.org.ar\/wp-content\/uploads\/2016\/02\/img160.jpg?resize=203%2C300&#038;ssl=1\" alt=\"img160\" width=\"203\" height=\"300\" srcset=\"https:\/\/i0.wp.com\/cna.org.ar\/wp-content\/uploads\/2016\/02\/img160.jpg?resize=203%2C300&amp;ssl=1 203w, https:\/\/i0.wp.com\/cna.org.ar\/wp-content\/uploads\/2016\/02\/img160.jpg?resize=692%2C1024&amp;ssl=1 692w, https:\/\/i0.wp.com\/cna.org.ar\/wp-content\/uploads\/2016\/02\/img160.jpg?resize=236%2C350&amp;ssl=1 236w, https:\/\/i0.wp.com\/cna.org.ar\/wp-content\/uploads\/2016\/02\/img160.jpg?w=2000&amp;ssl=1 2000w, https:\/\/i0.wp.com\/cna.org.ar\/wp-content\/uploads\/2016\/02\/img160.jpg?w=3000&amp;ssl=1 3000w\" sizes=\"auto, (max-width: 203px) 100vw, 203px\" \/><\/a><\/p>\n<p>&nbsp;<\/p>\n<p>&nbsp;<\/p>\n<p>&nbsp;<\/p>\n<p>&nbsp;<\/p>\n<p>&nbsp;<\/p>\n<p>&nbsp;<\/p>\n<p>&nbsp;<\/p>\n<p>&nbsp;<\/p>\n<p><strong>Dasnabedian, Hrach. \u00abHistoria de la Federaci\u00f3n Revolucionaria Armenia\u00bb Artzrun\u00ed, Rub\u00e9n (Traducci\u00f3n). Editorial Diario Armenia, Buenos Aires, 2013\u00a0<\/strong><\/p>\n<p><span style=\"text-decoration: underline;\"><em><a href=\"https:\/\/cna.org.ar\/index.php\/biblioteca-del-cna\/\">Volver a la p\u00e1gina anterior<\/a><\/em><\/span><\/p>\n<p>&nbsp;<\/p>\n","protected":false},"excerpt":{"rendered":"<p>&nbsp; &nbsp; &nbsp; &nbsp; &nbsp; &nbsp; &nbsp; &nbsp; Dasnabedian, Hrach. \u00abHistoria de la Federaci\u00f3n Revolucionaria Armenia\u00bb Artzrun\u00ed, Rub\u00e9n (Traducci\u00f3n). Editorial Diario Armenia, Buenos Aires, 2013\u00a0 Volver a la p\u00e1gina anterior &nbsp;<\/p>\n","protected":false},"author":1,"featured_media":0,"parent":0,"menu_order":0,"comment_status":"closed","ping_status":"closed","template":"","meta":{"site-sidebar-layout":"default","site-content-layout":"","ast-site-content-layout":"default","site-content-style":"default","site-sidebar-style":"default","ast-global-header-display":"","ast-banner-title-visibility":"","ast-main-header-display":"","ast-hfb-above-header-display":"","ast-hfb-below-header-display":"","ast-hfb-mobile-header-display":"","site-post-title":"","ast-breadcrumbs-content":"","ast-featured-img":"","footer-sml-layout":"","theme-transparent-header-meta":"","adv-header-id-meta":"","stick-header-meta":"","header-above-stick-meta":"","header-main-stick-meta":"","header-below-stick-meta":"","astra-migrate-meta-layouts":"default","ast-page-background-enabled":"default","ast-page-background-meta":{"desktop":{"background-color":"var(--ast-global-color-4)","background-image":"","background-repeat":"repeat","background-position":"center center","background-size":"auto","background-attachment":"scroll","background-type":"","background-media":"","overlay-type":"","overlay-color":"","overlay-opacity":"","overlay-gradient":""},"tablet":{"background-color":"","background-image":"","background-repeat":"repeat","background-position":"center center","background-size":"auto","background-attachment":"scroll","background-type":"","background-media":"","overlay-type":"","overlay-color":"","overlay-opacity":"","overlay-gradient":""},"mobile":{"background-color":"","background-image":"","background-repeat":"repeat","background-position":"center center","background-size":"auto","background-attachment":"scroll","background-type":"","background-media":"","overlay-type":"","overlay-color":"","overlay-opacity":"","overlay-gradient":""}},"ast-content-background-meta":{"desktop":{"background-color":"var(--ast-global-color-5)","background-image":"","background-repeat":"repeat","background-position":"center center","background-size":"auto","background-attachment":"scroll","background-type":"","background-media":"","overlay-type":"","overlay-color":"","overlay-opacity":"","overlay-gradient":""},"tablet":{"background-color":"var(--ast-global-color-5)","background-image":"","background-repeat":"repeat","background-position":"center center","background-size":"auto","background-attachment":"scroll","background-type":"","background-media":"","overlay-type":"","overlay-color":"","overlay-opacity":"","overlay-gradient":""},"mobile":{"background-color":"var(--ast-global-color-5)","background-image":"","background-repeat":"repeat","background-position":"center center","background-size":"auto","background-attachment":"scroll","background-type":"","background-media":"","overlay-type":"","overlay-color":"","overlay-opacity":"","overlay-gradient":""}},"footnotes":""},"class_list":["post-4617","page","type-page","status-publish","hentry"],"jetpack_sharing_enabled":true,"_links":{"self":[{"href":"https:\/\/cna.org.ar\/index.php\/wp-json\/wp\/v2\/pages\/4617","targetHints":{"allow":["GET"]}}],"collection":[{"href":"https:\/\/cna.org.ar\/index.php\/wp-json\/wp\/v2\/pages"}],"about":[{"href":"https:\/\/cna.org.ar\/index.php\/wp-json\/wp\/v2\/types\/page"}],"author":[{"embeddable":true,"href":"https:\/\/cna.org.ar\/index.php\/wp-json\/wp\/v2\/users\/1"}],"replies":[{"embeddable":true,"href":"https:\/\/cna.org.ar\/index.php\/wp-json\/wp\/v2\/comments?post=4617"}],"version-history":[{"count":3,"href":"https:\/\/cna.org.ar\/index.php\/wp-json\/wp\/v2\/pages\/4617\/revisions"}],"predecessor-version":[{"id":4628,"href":"https:\/\/cna.org.ar\/index.php\/wp-json\/wp\/v2\/pages\/4617\/revisions\/4628"}],"wp:attachment":[{"href":"https:\/\/cna.org.ar\/index.php\/wp-json\/wp\/v2\/media?parent=4617"}],"curies":[{"name":"wp","href":"https:\/\/api.w.org\/{rel}","templated":true}]}}